 Suppose 0 = -g - g + r. List the prime factors of g.
2
Let v(n) be the third derivative of -7*n**4/24 + n**3/6 - 17*n**2. Suppose -5*u + 9 = -4*j, 0 = j - 4*j - 3*u. What are the prime factors of v(j)?
2
Let v = 8 - 5. Suppose v*z = -4 + 16. Suppose -u = -0*r + z*r - 15, r = -4*u. List the prime factors of r.
2
Suppose -5*m + m = -392. Suppose 5*i - m = 4*l, -4*i = -5*l - 71 - 11. What are the prime factors of i?
2, 3
Let h = 6 - 4. Suppose 2*o - 4*y = y + 19, -h*o + 25 = -3*y. What are the prime factors of o?
17
Suppose -2*z + 3*m + 55 - 11 = 0, 5*m = 4*z - 88. Suppose z + 10 = u. List the prime factors of u.
2
Let c(o) = -3*o + 1. Suppose 3*k = -0*k - 3*h - 9, 0 = 3*k - 4*h - 26. Suppose 6 = 3*g + 3*i - 3, 5*i - 22 = k*g. List the prime factors of c(g).
2
Suppose 0 = -2*b - 0*b + 122. What are the prime factors of b?
61
Let y(q) = q**2 + 14*q - 62. What are the prime factors of y(10)?
2, 89
Let w(i) = -i**2 + 9*i + 3. Let g be w(9). Let h(a) = 1 + g*a + 3 - 5 - 2 + 2*a**2. List the prime factors of h(-3).
2, 3
Suppose 0*p - 8*p + 528 = 0. What are the prime factors of p?
2, 3, 11
Suppose 4*g - 2*g + 2 = 0. Let v(p) = -10*p - 1. List the prime factors of v(g).
3
Let r = 39 + -24. Let y be 24/r + (-4)/(-10). Suppose 4*v - y*j = 40, -31 = -3*v - j + 3*j. List the prime factors of v.
3
Suppose -3*z - u = 2*u + 90, 5*z + 3*u + 150 = 0. What are the prime factors of z/(-4)*8/5?
2, 3
Suppose -4*o + 30 = o + 5*a, 0 = 5*o - 2*a - 58. Suppose -5*m - 7 = 28. Let f = o + m. What are the prime factors of f?
3
Let l(x) be the second derivative of -x**4/12 - x**3/6 + x**2 + x. Let z be l(0). Suppose 4*t = z*o + 52, 3*t - 5*o - 34 = 19. List the prime factors of t.
11
Let v(t) = t**3 + 4*t**2 + 3*t + 4. Let f be v(-3). Let c = 12 + 8. Suppose b - 2 = -3, 0 = f*d - 4*b - c. What are the prime factors of d?
2
Suppose g + 2*z - 27 = 0, g - z - 18 = 15. Let j = g - 17. Let w = j - 2. What are the prime factors of w?
2, 3
Suppose -4*d + 3*t + 104 = -76, 0 = 4*d - 2*t - 176. What are the prime factors of d?
2, 3, 7
List the prime factors of (-60)/(-3)*(-8)/(-10).
2
Let n = -2 + 5. What are the prime factors of 2/n*(-15)/(-2)?
5
Let f = 586 + -408. What are the prime factors of f?
2, 89
Suppose c + 48 = 4*p, 0 = 2*p + 2*p - 2*c - 48. What are the prime factors of p?
2, 3
Suppose 5*v = -0*v + 10. Suppose v*p - 14 = 12. What are the prime factors of (p - -1) + 8/(-4)?
2, 3
Suppose 43 + 171 = 2*a. List the prime factors of a.
107
Let x(s) = -5*s**3 - s**2 + 4*s + 8. What are the prime factors of x(-4)?
2, 37
Let w(f) = -9*f + 17. Let d(j) = -j - j + 6 - j. Let u(c) = 11*d(c) - 4*w(c). List the prime factors of u(4).
2, 5
Let v = -98 - -186. List the prime factors of v.
2, 11
Let x be -4 + 0 + (-536)/(-4). Suppose -x = -5*z + 110. What are the prime factors of z?
2, 3
Suppose -15 = -3*d - 6. Suppose -12 = -l + 5*l. List the prime factors of (5/d)/((-1)/l).
5
Suppose 0 = 2*j - j - 3. Suppose -j*y = 3*c + y - 31, 0 = -c + y + 1. List the prime factors of c.
5
Let o be (0 - 3)*(-2)/2. Suppose r - o*a = 10, -2*a - 14 = -5*r - 5*a. Suppose w = 3*p + 7, 2*w + r*p - 8*p - 18 = 0. What are the prime factors of w?
13
Let o(a) = -26*a**2 - 36*a - 6. Let m(p) = -5*p**2 - 7*p - 1. Let q(t) = -11*m(t) + 2*o(t). What are the prime factors of q(-4)?
3
Suppose 4 = p + 1. Suppose -37 = -2*w + p*c, -3*c + 47 = 3*w + w. List the prime factors of w.
2, 7
Suppose 0 = r - 4*r + 9. Suppose r*q - 15 = 5*o, -q + 0*q + o = -3. Suppose -2*v + q*v = -22. List the prime factors of v.
11
Let u = 4 - 4. Suppose -3*p + 0 + 12 = u. Suppose p*j = -0*j + 40. List the prime factors of j.
2, 5
Let p = -22 - -32. Let o = p - 5. Let y(a) = -a**2 + 6*a. List the prime factors of y(o).
5
Suppose 3*x + p - 3*p - 28 = 0, -4*x + 40 = -4*p. What are the prime factors of x?
2
Suppose 4*z - 56 = -8. List the prime factors of z.
2, 3
Let k(g) = 10*g**2 + 2*g + 10. List the prime factors of k(-4).
2, 3
Suppose d - 3*d = -228. List the prime factors of d.
2, 3, 19
Let w(q) = -q**3 + 11*q**2 - q + 7. Let k(i) = -6*i**3 + 55*i**2 - 6*i + 36. Let d(r) = 2*k(r) - 11*w(r). What are the prime factors of d(-11)?
2, 3
Suppose 2*n + 8*n = 1500. List the prime factors of n.
2, 3, 5
Let g be -8 - (1 + 3/(-1)). Let t be ((2 - g)/(-2))/1. Let l = t - -9. What are the prime factors of l?
5
Let s(z) = 5*z - 5. Let l be s(-6). Let h(q) = q - 37. Let u be h(12). Let p = u - l. What are the prime factors of p?
2, 5
Let z = -11 - -7. Let b = z + 5. Let y(h) = h + 1. What are the prime factors of y(b)?
2
Suppose 0 = -2*x + 74 + 236. Suppose d - 3*d - 2*m + 66 = 0, -x = -5*d + 5*m. List the prime factors of d.
2
Suppose -2*u = -5*u + 57. What are the prime factors of u?
19
List the prime factors of (-15)/10*384/(-9).
2
Let f be (-4)/(-2)*(-108)/(-8). Suppose 39 + f = 3*j. What are the prime factors of j?
2, 11
Let z(m) = -4*m - 16. Let v(s) = s + 4. Let f(x) = 9*v(x) + 2*z(x). Let t = -5 - -8. List the prime factors of f(t).
7
Suppose -2*b = b. Suppose b = c - 3 - 1. Suppose -3*h - 24 = -d, c*d + 5*h - 25 = 20. What are the prime factors of d?
3, 5
Suppose 2*l + 20 = 486. List the prime factors of l.
233
Let n(z) = 38*z + 3. List the prime factors of n(2).
79
Let l be (-8 - -5) + -50 + 0. Let h = -37 - l. What are the prime factors of h?
2
Let s be 11/(1*(-3)/(-3)). Let j(x) = 8*x**2 - 6*x - 2. Let l(n) = 3*n**2 - 2*n - 1. Let t(w) = s*l(w) - 4*j(w). What are the prime factors of t(-5)?
2, 3
Let v = -55 + 84. What are the prime factors of v?
29
Let w(z) = z**2 + 2*z - 4. Let j be 3 - (9/3 + 4). List the prime factors of w(j).
2
List the prime factors of ((-9920)/70 - (-4)/(-14))/(-2).
71
Let a = 2 - 2. Suppose 4*o - 7 - 1 = a. What are the prime factors of o?
2
Let p(t) = -79*t - 38. What are the prime factors of p(-4)?
2, 139
Suppose -4*y + 1 = 5, 3*r + 4*y - 23 = 0. What are the prime factors of r?
3
Suppose 4*r - 16 = -b, 0 = 6*b - 3*b - r - 113. What are the prime factors of b?
2, 3
Let f = -198 - -299. List the prime factors of f.
101
Suppose 4*b - 6*b = -6. Let y(s) = 7*s - 1. List the prime factors of y(b).
2, 5
Let v(y) = y**3 - 3*y**2 + y - 1. Let j be v(3). Suppose 0 = -j*u - 10, -u + 140 = 5*b + 4*u. What are the prime factors of b?
3, 11
Suppose -5*a - 150 = -5*l, 5*l + 4*a = 3*l + 42. Let p = 0 + l. What are the prime factors of p?
3
Suppose -13 + 31 = 2*t. List the prime factors of t.
3
Let l(v) = -10*v + 12. What are the prime factors of l(-17)?
2, 7, 13
Let g(n) = 200*n**3 + n**2 + n - 2. What are the prime factors of g(1)?
2, 5
Suppose -4*o = -2 - 2. List the prime factors of 1 + 3 - (2 - o).
3
Let n(d) = d**2 - 4*d - 4. Let k(c) = c**2 - 4*c - 4. Let j(i) = 6*k(i) - 7*n(i). Let m be j(4). What are the prime factors of 1 - (m + -2)/(-2)?
2
Let m = 51 + -24. Suppose 3*t = -2*j - j + 18, 5*j - m = -2*t. List the prime factors of j.
5
Suppose 25 = -5*s, -2*s + 1175 = 5*q + s. List the prime factors of q.
2, 7, 17
What are the prime factors of 1/(-3) - (1 - 408/9)?
2, 11
Suppose c = -14 - 2. What are the prime factors of (0 - -1)*c/(-4)?
2
Let t(o) = -o**3 - 13*o**2 - 13*o - 9. Let p be t(-12). Suppose -p*k + 15 = -72. List the prime factors of k.
29
Let w(v) be the third derivative of v**5/30 - v**4/4 + v**3/2 - 2*v**2. What are the prime factors of w(5)?
23
List the prime factors of (-1)/((-2)/(25*18)).
3, 5
Suppose 3*m - 3 = -0. Let z = m - -2. Suppose 5*g + 0 = -3*d + 8, -z*d - g + 16 = 0. What are the prime factors of d?
2, 3
Suppose 2*h - 5*m = -79, -3*h - h + 2*m = 182. Let f = h + 67. List the prime factors of f.
2, 5
Let k be (-3 - -3) + (-2)/(-1). Suppose -12 = 3*u, k*y - 5*u = y + 22. Suppose 3*h + y*h - 5*r = 60, 2*h + 3*r - 9 = 0. List the prime factors of h.
3
Let d(y) = -y + 2. Let q be d(3). Suppose -10 - 2 = 2*w. Let p = q - w. What are the prime factors of p?
5
Let s = 277 + -154. What are the prime factors of s?
3, 41
Suppose 2*v - 2*g + 3*g = 207, 3*g = -4*v + 409. List the prime factors of v.
2, 53
What are the prime factors of (132/20 - 1)/((-4)/(-70))?
2, 7
Suppose -10*o = -14*o + 480. What are the prime factors of o?
2, 3, 5
Let m be (-2 + 2)/(-3) + -38. Let b = m + 57. List the prime factors of b.
19
Let q = 3 + -1. List the prime factors of ((-1)/(-2))/(q/72).
2, 3
Let q be (-7)/((-14)/(-4))*-